, -d + 3*z - 80 = 0. What are the prime factors of d/(-5) - (2 - -1)?
2
Let q be (12/(-14))/((-3)/21). Suppose -d = d - q. Suppose d*j = 5*i - j - 113, -17 = -i - 2*j. List the prime factors of i.
3, 7
Let q(k) = k**3 + 13*k**2 + 7*k - 2. What are the prime factors of q(-7)?
3
Let h be ((0 - 0) + -2)/(-2). Let w = h + 10. Let t(x) = 2*x + 6. List the prime factors of t(w).
2, 7
Let o be 8/36 + 21/27. Let q(f) = 86*f**2 + 4*f - 4. What are the prime factors of q(o)?
2, 43
Let g = 35 - 22. Let i(x) = x**2 - 14*x + 15. Let z be i(g). Suppose z*m = -m + 60. What are the prime factors of m?
2, 5
Let n(m) = 2*m**3 - 8*m**2 + 9*m - 18. What are the prime factors of n(6)?
2, 3, 5
Let t(k) = 5*k**3 + 7*k**2 - 10*k - 3. Let z(a) = 6*a**3 + 7*a**2 - 11*a - 3. Let h(q) = 7*t(q) - 6*z(q). Let n = -1 + 7. What are the prime factors of h(n)?
3
Let k(l) = -l**3 + 8*l**2 - 8*l + 11. Let u be k(7). Suppose u*c = -c + 5*y + 205, 169 = 4*c - 5*y. What are the prime factors of c?
2, 3
Suppose 10*j - 793 = 37. Suppose 166 = z - j. List the prime factors of z.
3, 83
Let o(f) = 2*f**2 - 7*f + 3. Let q be o(6). Let m = q - -68. List the prime factors of m.
101
Let w = -2 - -4. Suppose w*d - 36 = -2*d. Suppose 59 = 4*m - d. What are the prime factors of m?
17
Let t = 36 + -21. Let b = t - -49. What are the prime factors of b?
2
Let m be -2 + (-1)/(-1) - -509. Suppose 5*u = l + m, l = 4*u - 9*u + 512. Suppose -4*d + u = -2*d. What are the prime factors of d?
3, 17
Let g = -14 - -47. Suppose 2*v - 3*y - g - 53 = 0, -v + 43 = 5*y. Let p = v + -22. What are the prime factors of p?
3, 7
Let b(y) = -y + 5. Suppose -3*r + 21 = 60. Let u be (-7 - r)*(-2)/(-6). List the prime factors of b(u).
3
Let n be (-3)/6*2*-173. Suppose -b + n = -79. Suppose -28 = 4*y - b. What are the prime factors of y?
2, 7
Suppose -417 = -3*m + k + 3*k, 5*m - k = 678. Suppose 4*z - 7*z = -m. List the prime factors of z.
3, 5
Let p = 34 - 8. Let z = -59 + p. List the prime factors of 1*1/((-3)/z).
11
Let g = 486 + -214. List the prime factors of g.
2, 17
Suppose 2*x + 9 = 3*x. Suppose -x*i - 105 = -4*i. Let a = -15 - i. List the prime factors of a.
2, 3
Let q(n) = 12*n**2 + 12. Let o be q(-8). Let x be (-4)/(-12) - o/(-9). Suppose -95 = -2*c - 3*y, 5*y + x = 2*c - 0*y. List the prime factors of c.
2, 23
What are the prime factors of 72/(-16)*(-3944)/6?
2, 3, 17, 29
Suppose a - 27 = -i + 79, -2*a + 109 = i. List the prime factors of i.
103
Let w(u) = 4*u**2 - 58*u - 47. What are the prime factors of w(-28)?
3, 1571
Suppose -10*h = -6*h + 8. Let n(z) be the second derivative of -z**5/20 - z**4/12 + z**3/6 + 2*z**2 + 5*z. List the prime factors of n(h).
2, 3
Let q(c) be the third derivative of c**5/60 + c**4/8 - 11*c**3/6 + 11*c**2. What are the prime factors of q(-9)?
43
Suppose -3*d + 6 = -0. What are the prime factors of d/3 + -2*237/(-18)?
3
Let w be 40/3 + 115/15 + -7. What are the prime factors of (-64)/(-112) + 1350/w?
97
Suppose -5*d + 80 = -3*f + 432, 3*f + 5*d - 392 = 0. List the prime factors of f.
2, 31
Suppose 0 = -57*f + 27138 + 102252. List the prime factors of f.
2, 5, 227
Suppose 16*o + 32 = 18*o. Let m = -1 + o. Suppose -3*x - 4*h = -3 - m, -2*x + 12 = 5*h. What are the prime factors of x?
2, 3
Let i(o) be the first derivative of o**3 + 3*o**2 - 8*o - 5. List the prime factors of i(-7).
97
Let h = 307 - -5157. List the prime factors of h.
2, 683
What are the prime factors of (11 - (-6241 + -11)) + 6?
6269
Let d be 8/12*-3*-2. Suppose 0 = -d*h + 20, -q = -4*q + 5*h + 173. What are the prime factors of q?
2, 3, 11
Let p(d) = 2*d**2 - 13*d + 30. Let j be p(10). Suppose -6*t + t + j = 0. List the prime factors of t.
2, 5
Let i be 4/(-3) - (-90)/27. What are the prime factors of (i/6)/(-7*(-2)/2646)?
3, 7
Let j be (2 - 4)/((-2)/(-3424)). List the prime factors of (-39)/(-91) + j/(-14).
5, 7
Let i(t) = -t**2 + 45*t - 172. What are the prime factors of i(21)?
2, 83
Let j(u) = 13*u**2 - 8*u - 17. List the prime factors of j(-3).
2, 31
Let l(s) = -2*s**3 + 4*s**2 + 2*s - 5. Let x = -93 + 89. List the prime factors of l(x).
179
Let b be (-4 - (-362)/2)/(-1). Let m = -123 - b. List the prime factors of m.
2, 3
Let r = -75 - -75. Suppose r = -2*s + 2, -2*s - 407 = -5*p - 24. What are the prime factors of p?
7, 11
Suppose 0 = -6*b + 3*b. Let o(h) = -h**2 + h + 16. What are the prime factors of o(b)?
2
Suppose 13*u = 5420 - 337. List the prime factors of u.
17, 23
Let x(o) = -5 + 2 + 0*o + 4*o - 3*o. Let k be x(3). Let f(s) = 2*s + 20. List the prime factors of f(k).
2, 5
Let y(x) = 17*x**2 + 24*x - 37. What are the prime factors of y(10)?
11, 173
Let v = 18 - 15. Suppose -v*u = -453 - 156. List the prime factors of u.
7, 29
Suppose -4*x + a = -571, 3*x - 2*a - 3*a = 407. Suppose -17*h + 90 = h. Suppose x = h*c - 91. List the prime factors of c.
47
Let g be 1102/12 - (-1)/6. Suppose 2*w - 6*w = -g. What are the prime factors of w?
23
Suppose -111*h + 124*h - 26429 = 0. List the prime factors of h.
19, 107
Let q(g) = -g + 14. Let y be q(9). Suppose y*k = 184 + 51. List the prime factors of k.
47
Let y(u) = 2*u - 7. Let c be y(-9). Let l = 31 + c. Suppose -h - 170 = -l*h. What are the prime factors of h?
2, 17
Let g be -4 - -2 - (-5)/(-5). List the prime factors of (g/(-7) - 0) + (-968)/(-77).
13
Suppose -d - 96 = -1366. List the prime factors of d.
2, 5, 127
Suppose 51 = 9*m + 186. List the prime factors of (35/m + -2)*-72.
2, 3, 13
Let j(h) = -h**3 + 7*h**2 + 13*h + 12. What are the prime factors of j(7)?
103
Let x(v) = 10 - 30*v**2 + 2 - 30*v**2 + 59*v**2 - 3*v. Suppose -2*l = -l + 5. List the prime factors of x(l).
2
Let q(d) = -29*d + 10*d - 33 + 8. What are the prime factors of q(-6)?
89
Suppose 6*a + 8 = 10*a. Suppose 15 = -a*r + 1. Let g(h) = -5*h. What are the prime factors of g(r)?
5, 7
Let l(h) = -h**3 + 23*h**2 - 10*h - 17. Let k be l(19). What are the prime factors of (-6)/36 + k/6?
2, 103
Let v = -30 - -33. Suppose -p + 182 = 3*p + v*l, -80 = -2*p + 4*l. What are the prime factors of p?
2, 11
Suppose 0 = 6*u + 519 - 6639. List the prime factors of u.
2, 3, 5, 17
Let x be 6/4 + (-91)/(-14). Suppose x*n = 12*n - 12. What are the prime factors of n?
3
Let q(s) = -s + 9. Let b be q(0). Let r be 2*2/4*-7. Let a = b + r. List the prime factors of a.
2
Suppose 1849 = 4*v - 279. Let g = v + -359. List the prime factors of g.
173
Suppose 2*u - 122 = -a, -u - 2*u + 363 = 3*a. Let t = -67 + a. What are the prime factors of t?
53
What are the prime factors of 5126 - 1/1 - (-6 + 6)?
5, 41
Let q = -153 - -286. Let d = 226 - q. List the prime factors of d.
3, 31
Suppose -6*o + 1081 = 37. Let f = o - 100. List the prime factors of f.
2, 37
Suppose 3*f - 13 = 3*j - 2*j, f + j - 3 = 0. Suppose f*w + 5*o + 105 = 0, -5*w - 2*o - 20 = 90. Let l = 33 + w. What are the prime factors of l?
13
Let z be 4 + 1/1 + 3. Suppose 0 = 4*k - 2*k - z. Suppose 5*t - y = 22 + 21, 26 = k*t - 5*y. List the prime factors of t.
3
Let f = -88 + 87. What are the prime factors of (-3 - f)*5*(-2 - 20)?
2, 5, 11
What are the prime factors of 10*(-8*(-3)/(-6) + 65)?
2, 5, 61
Let y be (186/10)/(-3*(-3)/45). Let z = 302 - y. What are the prime factors of z?
11, 19
Let p(w) = w**2 - 2*w - 4. Let k be p(3). Suppose 3 = 2*q + 35. Let t = k - q. What are the prime factors of t?
3, 5
Let o be 4/(-26) - (-140)/65. Suppose -o*u - n = 2*n - 207, n = -u + 103. Suppose -q + u = q. What are the prime factors of q?
3, 17
Suppose 5759*q + 42368 = 5767*q. What are the prime factors of q?
2, 331
List the prime factors of 10 + (6 - -25326)/12.
3, 7, 101
Let i(c) = 2*c**3 - 18*c**2 - c + 11. Let k be i(9). Let t be 50/2*(-2)/(-5). Suppose 0 = k*n + v - t - 16, 0 = v. What are the prime factors of n?
13
What are the prime factors of 6 + -8 + 0 + 160?
2, 79
Let m(h) = 5*h**3 + h**2 + 6. Let g = 9 - 6. List the prime factors of m(g).
2, 3, 5
Suppose 13 = -k - 4*b, -3*k + 2*k - 3*b = 9. Suppose -4 = -c, 0*c + 40 = z - k*c. Suppose 4*j + z = 8*j. What are the prime factors of j?
13
Suppose 0 = -2*h + 3*v + 31, 4*v - 2*v = 3*h - 34. Let l = h - -13. What are the prime factors of l?
3, 7
Let q(p) = -p + 14. Let h be q(10). Let t(d) = 50*d - 1. Let v be t(h). Suppose 5*g + 58 + 64 = 3*z, 4*g + v = 5*z. List the prime factors of z.
3, 13
Let h(i) = i**3 + 7*